 What is a(j)?
-8
Suppose 50*y = 49*y + 2. Let g(u) = 3 - 1 + 18*u - 37*u + 22*u. What is g(y)?
8
Let q(m) = 3*m**2 + 3*m + 2 + 0*m - 2*m + m + m**3. Suppose -266*j = -211*j + 220. What is q(j)?
-22
Let t(x) be the second derivative of x**4/12 + 5*x**3/2 - 5*x**2 - 21*x. Let w be t(-15). Let d be 6/(-1) + w + 13. Let f(p) = -p**3 - 4*p**2 - 2*p. Give f(d).
-3
Let r(g) = -g**3 - 22*g**2 - 20*g + 12. Let l be r(-21). Let t(w) = w + 21. Let p(s) = -5*s - 87. Let o(y) = l*t(y) - 2*p(y). Give o(9).
-6
Let x(a) = 12*a**2 - a - 4. Let t be x(-2). Suppose 0 = -8*m + 13*m - 10. Suppose -t + 38 = -m*q. Let j(v) = v**3 - 2*v**2 - 5*v - 3. What is j(q)?
9
Let r(c) be the third derivative of -c**5/60 + 5*c**4/8 + 11*c**3/3 - 29*c**2 - c. Let m(g) be the first derivative of r(g). Give m(7).
1
Let x(h) = 5*h + 31. Suppose -90*s - 115*s - 2050 = 820. What is x(s)?
-39
Let g(l) = 0 + l + l**2 - 6 + 2 - 1. Let s(q) = q**3 + 3*q**2 - 43*q - 151. Let n be s(-4). Give g(n).
25
Let r(b) = b**3 + 5*b**2 + 2*b - 4. Let t be 60/(-25)*2*-10. Let n be (13/(-39))/((-2)/t). Let w = n + -11. What is r(w)?
8
Suppose 4*n - 50*c + 4 = -52*c, 3*c = -2*n - 6. Let j(t) = -2*t + 10. Give j(n).
10
Let x(v) = 3*v + 3*v + 4 - 3*v. Suppose -1006 = -296*t - 414. Calculate x(t).
10
Let o(g) = -g**2 - g + 9. Let x(f) = -3*f**2 - 27*f - 38. Let m(r) = 2*o(r) - x(r). Give m(-23).
10
Let f(d) be the first derivative of 17*d**2/2 + 312*d + 9468. What is f(-18)?
6
Let v(r) = r**2 + 18*r. Suppose -5*n = -5*x + 120, 201 - 181 = 4*x. What is v(n)?
19
Suppose -2*h + 3*h + 4*d + 5 = 0, -3*d = 4*h - 6. Suppose -5 = -2*t - h. Let g(a) = -a**2 - 5 + t + 5*a + 4. Give g(4).
4
Let z(y) be the first derivative of -5*y**4/4 + 4*y**3/3 + y**2 - y - 3352. Calculate z(-2).
51
Let j(x) = x**2 + 19*x + 15. Suppose -2*z + z = 16. Let f be j(z). Let i = f + 37. Let k(r) = -5*r + 5. Determine k(i).
-15
Let y(d) = -9*d + 6. Let n be (135/60)/((-12)/(-16)). Calculate y(n).
-21
Let r(h) = h**2 - 18*h + 73. Suppose -79 = -5*s - 272*v + 268*v, 27 = 3*s - v. Determine r(s).
-4
Let d(f) be the second derivative of 13/2*f**2 + 8*f + 13 + 1/6*f**3. What is d(-7)?
6
Let g = -4 + 7. Let c(p) = -19*p**2 - 20*p + 20. Let x(d) = 2*d**2 + 2*d - 2. Let i(m) = c(m) + 10*x(m). Calculate i(g).
9
Let p(z) be the third derivative of z**4/8 + 20*z**2. Let i = 0 + -2. Let j = i + 1. What is p(j)?
-3
Let p(m) = -7*m**2 - 10*m + 363. Let q be p(-8). Let w(i) = -i**2 + 34*i + 191. Calculate w(q).
-4
Let d(n) = 41*n + 14*n**2 - n**3 + 177*n + 19 - 187*n. Calculate d(16).
3
Let c = -4574 - -4570. Let d(m) = -10*m - 9*m + m**2 + 2 - m + 22*m. Give d(c).
10
Let p(k) = 3*k + 51. Suppose -546*o + 530*o - 224 = 0. Determine p(o).
9
Let k(q) = 6*q + 10*q**3 + 9 + 3*q - 372*q**2 + 412*q**2 - 5*q. Calculate k(-4).
-7
Let p = 29 + -20. Let t = 11 - p. Let a(d) = 2*d**t - 2*d + 5*d**2 + d**2 - 1 + 11*d**2. What is a(-1)?
20
Suppose -5*o + 5*c = -75, 0 = -5*o - 5*c + 66 + 39. Let g = o - 17. Let n be (-1)/1*(g - 5). Let a(x) = -x**3 + 4*x**2 + 2*x - 3. Give a(n).
5
Suppose s - 10 - 5 = 0. Let t(r) = -3*r - 2 + 18*r**2 - 2*r**2 - s*r**2. What is t(3)?
-2
Let p be (-806)/(-39)*(-3)/(-4) - (-2)/4. Let x(o) be the first derivative of -o**4/4 + 5*o**3 + 15*o**2/2 + 18*o + 2. Give x(p).
2
Let s(y) = -y**3 + 2*y**2 + 4*y. Let v = 1640 - 1074. Let p = 569 - v. Give s(p).
3
Let b(i) = 56*i + 5. Let f(y) = 131*y + 11. Let h(m) = 7*b(m) - 3*f(m). Give h(-12).
14
Suppose 0 = a + 4*w + 33, 18*w - 22*w = -2*a + 18. Let q(c) = 2*c + 49. Give q(a).
39
Let g(d) = d**3 + 10*d**2 - 14*d - 27. Suppose 77*j - 2343 - 242 = 312*j. Calculate g(j).
6
Let f(m) = -m - 269 + m**3 - m + 288 + 5*m**2. Calculate f(-6).
-5
Let x(s) = s**2 - 5. Suppose 2*k - 10 + 2 = 0. Suppose -3*n - 3*c = -n - 19, 4*c - 32 = -k*n. Let a be (11 - n)/((-12)/(-8)). Give x(a).
11
Let p(w) = -w**3 + 7*w**2 + 215*w - 1515. Let s be p(7). Let z(i) = -2 - i**2 - 1 - 4*i - 6*i. Determine z(s).
-3
Suppose 0 = -10*n - 33 - 17. Let s(z) = -z - 1. Let w(f) = f**2 + 5*f - 7. Let y(o) = 4*s(o) + w(o). Determine y(n).
9
Let h(d) = -7*d**2 - 7*d - 14. Let k(m) = -m**2 - 1. Let b(l) = -h(l) + 6*k(l). Let y = -200641 - -200635. What is b(y)?
2
Let p(g) be the third derivative of -g**6/120 + 13*g**5/60 - g**4/12 + 9*g**3/2 + 334*g**2. Give p(13).
1
Let p(y) = y - 17*y + 0*y - 3*y + 7*y + 146. Calculate p(13).
-10
Let c(u) = u**3 - 8*u**2 + 20*u - 20. Let v be c(4). Let l(o) = 143*o + 573. What is l(v)?
1
Let d(k) be the first derivative of 2*k**2 + 17*k + 4283. Calculate d(-12).
-31
Let p(u) = -5*u + 7. Let t(o) = 36*o + 69. Let j be t(-2). Calculate p(j).
22
Suppose q - 18 = -3*i, 3*i + 133 = 6*q + 25. Let l(y) = y**3 - 19*y**2 + 19*y - 39. Determine l(q).
-21
Let a(r) = 678*r - 6085. Let c be a(9). Let m(w) = -w**2 + 20*w - 57. What is m(c)?
-6
Let w = 1690 - 1685. Let n(u) be the second derivative of 0*u**3 + 0 - 7/2*u**2 - 1/3*u**4 + 4*u - 1/20*u**w. Calculate n(-5).
18
Let x(c) = 74*c**3 - 6*c**2 - 21*c - 7. Let d(m) = 49*m**3 - 4*m**2 - 14*m - 5. Let i(s) = -8*d(s) + 5*x(s). What is i(-1)?
22
Let x(b) = -24*b - 350. Let p be x(-14). Let u(a) = -a**3 - 15*a**2 - 14*a + 27. Determine u(p).
27
Let l = -13 - -15. Suppose -g = l*g. Suppose 10 = -2*d + 4*k + 2, -4*k + 16 = g. Let s(f) = f - 5. What is s(d)?
-1
Let a(z) be the third derivative of -z**5/60 + z**4/6 - 2*z**3/3 - 11*z**2. Let d be a(2). Let i(q) = -q**3 + q**2 - q + 6. What is i(d)?
6
Let w(n) = -111*n**3 - 19*n**2 - 248*n + 7. Let u(a) = -19*a**3 - 3*a**2 - 42*a + 1. Let v(q) = 35*u(q) - 6*w(q). Determine v(-5).
3
Let c(h) be the third derivative of -1/24*h**4 + 0 + 0*h - 1/6*h**3 + 11*h**2. Suppose -6*o - 12 - 24 = 0. Determine c(o).
5
Let d = 44 - 26. Let u(f) = -29*f - 33*f - 12 + 30*f + 33*f. What is u(d)?
6
Let f(l) = l**3 + 6*l**2 - 6*l + 6. Let n(b) = -b**2 + 6*b. Let u be n(2). Suppose -2*k - u = 6. Calculate f(k).
-1
Let b be 1/6 + 16 + (-515)/30. Let r(l) = -107*l**3 + l**2 + 2*l + 2. What is r(b)?
108
Let i = -614 + 617. Let a(p) = -p**3 - p**2 - p. Let y(m) = 4*m**3 + 2*m**2 - m. Let n(j) = 3*a(j) + y(j). Give n(i).
6
Let u = -265 - -259. Let q be (36/(-2))/u*1. Let w(s) = s**2 + 3*s - 3. Calculate w(q).
15
Let b = 216 + -213. Let s(x) = -1 - 2*x**3 + 7*x**3 + 19*x**b - 8*x**3. Calculate s(1).
15
Let f = -3160 + 3168. Let h(w) = 6*w - 51. Calculate h(f).
-3
Suppose 18 = -6*g + 36. Suppose 0 = -4*p - 5*c - 2, -g*p + 9 + 5 = -4*c. Let z(h) = -h**3 - 4*h**2 + 2*h + 2. Determine z(p).
-18
Suppose 0 = 4*w + 6 - 14. Suppose -f - w*f + 3 = 0. Let o be (f + (-21)/(-9))*(-6)/(-4). Let v(g) = -g**3 + 4*g**2 + 5*g + 7. Determine v(o).
7
Suppose -5518*v - 6632 = -5526*v. Let d = v - 826. Let g(f) = 2*f + 8. Let s(p) = p + 7. Let m(t) = 3*g(t) - 4*s(t). Calculate m(d).
2
Let c(u) = 8*u**3 + 48*u**2 + u + 6. Let v be 32/12*((-42)/8 - -3). Give c(v).
0
Suppose 240*n - 250*n + 50 = 0. Let v(w) = w**3 - 7*w**2 + 7*w + 1. Give v(n).
-14
Let i(j) = 12*j - 166. Suppose -4*n + 0*m = -5*m - 46, 2*n - 4*m = 20. Give i(n).
2
Let n(b) = -4*b - 7. Let t(x) = 21*x + 34. Let d(z) = -11*z - 18. Let c(a) = -11*d(a) - 6*t(a). Let s(h) = 5*c(h) - 4*n(h). Let r = 28 - 30. What is s(r)?
16
Let r(d) = d**3 + 81 - 172*d**2 + 152*d**2 - 18 - 16 + 20*d. Determine r(19).
66
Let s(f) = f**2 - 11*f + 30. Let n be s(8). Let q(i) be the first derivative of -3*i**2/2 - 2. What is q(n)?
-18
Let d(q) = -13*q**2 - 6*q + 1. Let u(i) = -63*i**2 - 28*i + 5. Let v(a) = -29*d(a) + 6*u(a). Calculate v(8).
-15
Let i be (7/(-2))/(1/(-2)) + 2. Let r = i + -7. Let j(s) = s**2 - 5*s - 3. Let u(d) = -d**3 + 2*d**2 - 15*d - 9. Let l(h) = r*u(h) - 7*j(h). What is l(-3)?
15
Let u be (10/(-8))/((-194)/32 + 6). Let t(i) = 11 + 1 + i - 4 - u. Give t(7).
-5
Let o(x) = -247 + 73*x**2 + 92*x**2 - 7*x - 164*x**2 + 252. Let n = -9 - -16. What is o(n)?
5
Let x(f) = -f**2 + 4*f + 4. Let h = 28 - 38. Let g(u) = -8*u - 62. Let v be g(h). Let k be (-1)/(-2 + v/10). Calculate x(k).
-1
Let x be (2 - 3)/(0 - (-3)/(-12)). Let o(p) = p**3 + 2*p**2 - p + 8. Let i(u) = u**2 + 1. Let v be (1/(-3))/(7/(-126)). Let f(m) = v*i(m) - o(m). What is f(x)?
2
Let f = -179 - -137. Let h = f - -55. Let p(d) = d - 11. What is p(h)?
2
Suppose 31*c + 14*c = 15*c - 120. Let x(f) = f**3 + 4*f**2 - 8*f - 10. Calculate x(c).
22
Let g(